{"id":14,"date":"2018-08-21T09:07:55","date_gmt":"2018-08-21T07:07:55","guid":{"rendered":"http:\/\/kroener-online.de\/?page_id=14"},"modified":"2018-08-22T15:18:12","modified_gmt":"2018-08-22T13:18:12","slug":"blog","status":"publish","type":"page","link":"https:\/\/kroener-online.de\/?page_id=14","title":{"rendered":"Blog"},"content":{"rendered":"<p>https:\/\/https:\/\/https:\/\/kroener-online.de\/?p=231<\/p>\n","protected":false},"excerpt":{"rendered":"<p>https:\/\/https:\/\/https:\/\/kroener-online.de\/?p=231<\/p>\n","protected":false},"author":1,"featured_media":0,"parent":0,"menu_order":0,"comment_status":"closed","ping_status":"closed","template":"","meta":{"advanced_seo_description":"","jetpack_seo_html_title":"","jetpack_seo_noindex":false,"jetpack_post_was_ever_published":false,"footnotes":""},"class_list":["post-14","page","type-page","status-publish","hentry"],"jetpack_sharing_enabled":true,"jetpack_shortlink":"https:\/\/wp.me\/Pac17Y-e","jetpack-related-posts":[{"id":11,"url":"https:\/\/kroener-online.de\/","url_meta":{"origin":14,"position":0},"title":"Startseite","author":"volker.kroener","date":"21. August 2018","format":false,"excerpt":"","rel":"","context":"\u00c4hnlicher Beitrag","block_context":{"text":"\u00c4hnlicher Beitrag","link":""},"img":{"alt_text":"","src":"https:\/\/i0.wp.com\/kroener-online.de\/wp-content\/uploads\/2020\/06\/img_6154-scaled.jpg?resize=350%2C200&ssl=1","width":350,"height":200,"srcset":"https:\/\/i0.wp.com\/kroener-online.de\/wp-content\/uploads\/2020\/06\/img_6154-scaled.jpg?resize=350%2C200&ssl=1 1x, https:\/\/i0.wp.com\/kroener-online.de\/wp-content\/uploads\/2020\/06\/img_6154-scaled.jpg?resize=525%2C300&ssl=1 1.5x, https:\/\/i0.wp.com\/kroener-online.de\/wp-content\/uploads\/2020\/06\/img_6154-scaled.jpg?resize=700%2C400&ssl=1 2x, https:\/\/i0.wp.com\/kroener-online.de\/wp-content\/uploads\/2020\/06\/img_6154-scaled.jpg?resize=1050%2C600&ssl=1 3x, https:\/\/i0.wp.com\/kroener-online.de\/wp-content\/uploads\/2020\/06\/img_6154-scaled.jpg?resize=1400%2C800&ssl=1 4x"},"classes":[]},{"id":13,"url":"https:\/\/kroener-online.de\/?page_id=13","url_meta":{"origin":14,"position":1},"title":"Kontakt","author":"volker.kroener","date":"21. August 2018","format":false,"excerpt":"[contact-form-7 id=\"224\" title=\"Kontaktformular 1\"]","rel":"","context":"\u00c4hnlicher Beitrag","block_context":{"text":"\u00c4hnlicher Beitrag","link":""},"img":{"alt_text":"","src":"","width":0,"height":0},"classes":[]},{"id":12,"url":"https:\/\/kroener-online.de\/?page_id=12","url_meta":{"origin":14,"position":2},"title":"\u00dcber mich","author":"volker.kroener","date":"21. August 2018","format":false,"excerpt":"Als Leiter einer Konzern-IT-Abteilung arbeite ich in einem gro\u00dfen Sozialunternehmen mit Hauptsitz in M\u00fcnchen. Weitere berufliche Informationen erhalten Sie bei Xing oder Linkedin","rel":"","context":"\u00c4hnlicher Beitrag","block_context":{"text":"\u00c4hnlicher Beitrag","link":""},"img":{"alt_text":"","src":"","width":0,"height":0},"classes":[]},{"id":3,"url":"https:\/\/kroener-online.de\/?page_id=3","url_meta":{"origin":14,"position":3},"title":"Privacy Policy","author":"volker.kroener","date":"21. August 2018","format":false,"excerpt":"Wer ich bin Dieses ist eine reine private Website von Volker Kroener. Die Adresse ist: https:\/\/kroener-online.de. Welche personenbezogenen Daten\u00a0ich sammle und warum\u00a0ich sie sammle Kommentare Wenn Besucher Kommentare auf der Website schreiben, sammle\u00a0ich die Daten, die im Kommentar-Formular angezeigt werden, au\u00dferdem die IP-Adresse des Besuchers und den User-Agent-String (damit wird\u2026","rel":"","context":"\u00c4hnlicher Beitrag","block_context":{"text":"\u00c4hnlicher Beitrag","link":""},"img":{"alt_text":"","src":"","width":0,"height":0},"classes":[]}],"jetpack_likes_enabled":true,"_links":{"self":[{"href":"https:\/\/kroener-online.de\/index.php?rest_route=\/wp\/v2\/pages\/14","targetHints":{"allow":["GET"]}}],"collection":[{"href":"https:\/\/kroener-online.de\/index.php?rest_route=\/wp\/v2\/pages"}],"about":[{"href":"https:\/\/kroener-online.de\/index.php?rest_route=\/wp\/v2\/types\/page"}],"author":[{"embeddable":true,"href":"https:\/\/kroener-online.de\/index.php?rest_route=\/wp\/v2\/users\/1"}],"replies":[{"embeddable":true,"href":"https:\/\/kroener-online.de\/index.php?rest_route=%2Fwp%2Fv2%2Fcomments&post=14"}],"version-history":[{"count":6,"href":"https:\/\/kroener-online.de\/index.php?rest_route=\/wp\/v2\/pages\/14\/revisions"}],"predecessor-version":[{"id":258,"href":"https:\/\/kroener-online.de\/index.php?rest_route=\/wp\/v2\/pages\/14\/revisions\/258"}],"wp:attachment":[{"href":"https:\/\/kroener-online.de\/index.php?rest_route=%2Fwp%2Fv2%2Fmedia&parent=14"}],"curies":[{"name":"wp","href":"https:\/\/api.w.org\/{rel}","templated":true}]}}